mposite?
False
Suppose r = 4*r + 1362. Let m(u) = 5*u**2 - 5*u - 333. Let o be m(-17). Let n = o + r. Is n a composite number?
False
Suppose 0 = 5*q + 23 - 38. Suppose 6624 = 4*f + k, f - 4*k = -q*k + 1661. Is f composite?
False
Suppose 68738 = 7*t - 203583. Is t composite?
False
Is (7632 - 1)/(41 - 40) a prime number?
False
Let p = 1599 - -2948. Is p a composite number?
False
Let f = 210 - -205. Suppose -3*t + 8*t = f. Is t a composite number?
False
Suppose -8*m = -4*m. Suppose m = -6*l - 15 - 81. Is l/(-24)*(-633)/(-2) a composite number?
False
Suppose 0 = 6*v - 56040 - 52206. Is v a composite number?
False
Suppose 2031 = -66*h + 55821. Is h a prime number?
False
Suppose 40*v + 3487 = 51*v. Is v composite?
False
Let k(f) = -2114*f - 51. Is k(-10) composite?
False
Let d = 19080 - 13039. Is d prime?
False
Is 37727 + -63 + 6/2 a composite number?
True
Let a be -16 + -1 + 0 + 3. Suppose 4*y = -2*i - 19 - 5, -25 = 5*y + 5*i. Is (-4)/a - 537/y a composite number?
True
Let s(x) = -3098*x - 33. Is s(-2) composite?
False
Suppose -16*o + 187869 + 71699 = 0. Is o a prime number?
True
Let k(n) = 47*n**2 + 3*n + 8. Let y be k(-4). Suppose -y + 222 = -q. Is q a prime number?
False
Let a(m) = m**3 - 9*m**2 + 9*m - 6. Let r be a(8). Let u = r - 0. Let q(h) = 14*h**2 - 2*h - 1. Is q(u) a prime number?
False
Let b = 3000 + 9679. Is b a prime number?
False
Let u(f) = 3*f**2 - 9*f + 53. Is u(-23) composite?
False
Let b(x) = 3*x - 13. Let h be b(4). Let f be (h/1)/((-2)/(-4)). Let z(n) = 190*n**2 - 4*n - 5. Is z(f) prime?
False
Suppose a - 2*a - j = 6, -2*a + 2*j = 16. Let o(y) be the third derivative of -13*y**4/24 + 5*y**3/2 - 22*y**2. Is o(a) prime?
False
Let m = -159 - -403. Let y = 711 - m. Is y prime?
True
Let v(t) = t**2 + 4*t - 3. Let p be v(2). Let i(o) = 2*o**2 - 16*o - 15. Let k be i(10). Suppose p + k = m. Is m composite?
True
Let s = 18 + -22. Let x be (-3)/1 + (-1340)/s. Suppose 4*k + 4*h = 232 + x, 5*k - 733 = 2*h. Is k prime?
False
Suppose 2*f + 44 = 426. Is f a prime number?
True
Let y be (0 - -1)/4 - 121044/(-48). Suppose -o = o - y. Is o composite?
True
Let f be (-232)/(-72) - 4/18. Suppose f*v = 7*v + 1236. Let g = -143 - v. Is g prime?
False
Suppose 3908 = u + i, 0 = -3*u - 2*u + 3*i + 19532. Is u a composite number?
False
Let x(c) = -2*c**2 - 3*c - 1. Let u(y) = 3*y**2 + 7*y + 2. Let d(k) = -3*u(k) - 5*x(k). Is d(12) composite?
False
Let k(u) = 4*u**2 - 7*u - 12. Let m be k(-6). Let r = m + -47. Is r prime?
True
Let f(v) = 8*v**3 + 5*v**2 + 2*v - 2. Let c(j) = -j**3 - j**2 + j + 1. Let q(y) = -c(y) - f(y). Let n(o) = o**2 + 15*o + 9. Let p be n(-14). Is q(p) composite?
True
Let o(j) = -2 + 0 + j - 4*j**2 - j**3 + 5*j. Is o(-6) composite?
True
Suppose 5*w + 51 = -3*j, -4*w = j - 3*j + 54. Is (-4)/w*9 - -234 prime?
False
Let s be (-466368)/(-140) - 1/5. Suppose s = 2*j - 4*m + 521, -4187 = -3*j - m. Is j a prime number?
False
Let j = -7 + -62. Let m = j + 626. Is m prime?
True
Let t = -1 + 0. Let s(b) = -634*b**3 - 9*b**2 + 9. Let u(v) = 317*v**3 + 5*v**2 - 5. Let i(f) = 6*s(f) + 11*u(f). Is i(t) composite?
False
Let u be (0 - -1)/((-10)/(-850)). Suppose -u - 45 = -2*i. Is i a prime number?
False
Let b be -3 + (3 - 1) + 0. Let t = 5 - b. Is 3/t - 421/(-2) a prime number?
True
Suppose 100*c = -10*c + 1344530. Is c composite?
True
Let c be ((-8)/(-10))/((-1)/(375/(-10))). Suppose -c*u - 483 = -33*u. Is u composite?
True
Let n = -5310 + 8743. Is n composite?
False
Let j(g) = -g**3 + g**2 - 5*g - 17. Is j(-6) composite?
True
Let z be (-4)/(-8)*4 - 8. Let n = -3 - z. Suppose -n*a + 903 - 144 = 0. Is a composite?
True
Let n = -219 + 294. Let d = 5 + 3. Let h = d + n. Is h a prime number?
True
Let p(a) = -8*a**3 - 4*a**2 - 5*a - 16. Is p(-3) composite?
False
Let d be 1 - (-16)/(-4 - -8). Suppose f = d*f - 1156. Is f composite?
True
Let f(a) = 6*a**2 - 2*a + 2. Suppose 3*q = m + 12, 3*q = 2*m - 4*m + 21. Suppose 0 = m*j, -2*x + 2*j + 6 = x. Is f(x) composite?
True
Let l(r) = -r**3 + 5*r**2 - 5*r + 4. Let w be l(3). Let j(x) = x**2 - 10*x + 10. Let s be j(w). Let q = 24 + s. Is q a composite number?
False
Suppose -13*t + 8*t + 20 = 0. Suppose -t*p = l + l - 13050, 5*l = -3*p + 9798. Is p composite?
True
Let j(t) = 23*t**2 + t - 2. Let z be j(1). Let y be (60/(-50))/(2/(-35)). Let l = y + z. Is l composite?
False
Let w(d) = -7*d. Let i be w(-1). Let u = -16 + i. Let p(l) = l**3 + 10*l**2 - 6*l - 8. Is p(u) a prime number?
True
Let z be (-3)/(-9)*10*(-222)/4. Let w = 300 + z. Is w a composite number?
True
Let k(t) = t**2 - 5*t - 10. Let q be (-138)/(-18) + (-2)/3. Let f be k(q). Suppose 0*w = -f*w + 556. Is w prime?
True
Suppose -16*r + 6*r + 1450 = 0. Is r prime?
False
Suppose -5*o + 5*y - 174 = 261, -5*o - 2*y - 407 = 0. Let c = o - -141. Is c composite?
True
Let p(c) = 8*c**2 - 9*c + 1. Let f be p(11). Let q = -377 + f. Is q prime?
False
Let a(o) = -50*o + 46*o + 9*o**2 + 2*o**2 - 9. Let q be a(-9). Suppose -4*v + q + 406 = 0. Is v composite?
False
Let r(g) be the second derivative of g**6/720 - g**5/60 - 2*g**4/3 - 3*g. Let f(m) be the third derivative of r(m). Is f(13) a prime number?
True
Suppose -4*d + 2*d = -490. Let n be (-16)/(-40) + 308/5. Let v = n + d. Is v composite?
False
Let p be (3/(-4))/(1/(-440)). Suppose u - 4*n - p = 915, -4*u + 5035 = -5*n. Suppose -u = -5*o + 560. Is o prime?
False
Let y(w) = 64*w**3 - 3*w**2 + 2*w - 2. Is y(4) a composite number?
True
Let f be 24/32 - (-7)/(-4). Is 3 + (-635)/f + -3 composite?
True
Suppose -5*f = 25, 1 - 10 = 2*v - 5*f. Let p = v - -19. Suppose 2*u - 314 = -p*t - 2*u, -3*u = 0. Is t a composite number?
False
Let d(y) = y + 1. Let l be d(4). Suppose -4*z + l*u - 4*u + 329 = 0, -2*z + 4*u + 154 = 0. Is z a composite number?
False
Suppose 3*w = -1 + 10. Suppose -z + 7237 = 5*f, z + w*f - 5244 = 1997. Is z prime?
True
Let u be 14/(-63) + 56/9. Let o = u + 1. Is o a composite number?
False
Let o(f) be the first derivative of -f**4/4 - 6*f**3 - 21*f**2/2 + 11*f - 2. Let j be 2/6 + 52/(-3). Is o(j) prime?
True
Let x(t) = 2*t**3 - 2*t**2 - 2*t + 14. Let d be x(-5). Let v = d + 1493. Is v a prime number?
True
Let b(y) = y**3 + 5*y**2 - 6*y. Let c be b(-6). Suppose c = 3*s, -g = 3*s - 87 - 110. Suppose -m - 2*m = w - g, -5*w = -m - 1017. Is w prime?
False
Suppose 3*w - 2*w = 2*u + 6, w + u = 15. Suppose -w*r + 19590 + 25998 = 0. Is r prime?
False
Suppose 3*m = -2*m + 5, -2*c + 4*m = -8094. Is c composite?
False
Let r(q) = -2*q - 6. Let k be r(-4). Suppose -j = -k*z + 64, -4*z + j = -3*j - 132. Is z a composite number?
False
Let u = 31 - 53. Let g = u + 18. Is 189 - (8/g)/1 composite?
False
Suppose 0 = -3*f + 4*b + 3, -24 = 7*f - 2*f + 3*b. Let y be f/(-9) - (-1941)/9. Let z = y + 253. Is z prime?
False
Let f = 26 - 20. Is (127 - f) + -1*2 a composite number?
True
Suppose -2*d - 2*d = -3*g + 5, 4*g - 17 = -5*d. Let i = g + -4. Is (-1777 - 3/i)/(-2) composite?
False
Suppose 0 = -2*c - c + 15. Let f(y) = y**3 - 6*y**2 + 5*y + 2. Let b be f(c). Suppose 4*i - 162 - 331 = -5*g, -375 = -3*i - b*g. Is i a prime number?
True
Suppose 4*v - 2837 + 913 = 0. Let n = -222 + v. Is n composite?
True
Is -49870*5/20*-2 a prime number?
False
Is 2*2/4*(91148 + 35) a composite number?
False
Suppose -r + 3033 = 4*a, -r + 3*a + 1711 = -1350. Is r a prime number?
True
Let c(i) = -2*i**3 - 13*i**2 - 2*i - 24. Let w be c(-10). Suppose g + w = 9*g. Is g a composite number?
True
Let o(k) = 6*k**2 + 8*k - 5. Let g(s) = 1. Let v(b) = 6*g(b) + o(b). Is v(6) a composite number?
True
Suppose 3*o - 7088 = -5*w, -3*o + 4727 = -o + 3*w. Is o a prime number?
True
Let j = -126 - -271. Suppose 3*w - 1024 + j = 0. Is w prime?
True
Let p(f) = 11*f**2 + 5*f**2 - 24*f**2 + 7*f**2 + 46*f**3 + 1. Is p(2) composite?
True
Let y = 1 + 1. Suppose 4*v - y = 2. Suppose -5*s - 5*c = -335, -c = 3*s - 206 + v. Is s a prime number?
False
Let p be -4 - 16/((-12)/3). Is (p - -1)/((-2)/(-1022)) prime?
False
Let w(p) be the second derivative of p**2 + 3*p + 0 + 5/6*p**3 + 9*p**4. Is w(-3) a prime number?
False
Suppose -3*k - 1615 = -2*j, 2*k + j - 3*j = -1074. Let d = 1292 + k. Is d a composite number?
False
Let a = -280 + 2715. Suppose 0*t - 5*t = -a. Is t a prime number?
True
Let b(m) = -44*m + 9*m + 354*m + 174*m - 2. Let c = 1 - 0. Is b(c) prime?
True
Let